hen g is divided by 25.
23
Let a = 1 - 12. Let k = a + 16. Let u = k - -4. Calculate the remainder when 26 is divided by u.
8
Suppose 0 = n - 3*j - 43, -n - 53 = 2*j - 76. What is the remainder when n is divided by 11?
9
Suppose 0 = 33*i - 28*i - 450. What is the remainder when i is divided by 13?
12
Suppose -10*d + 2760 = -0*d. Calculate the remainder when d is divided by 35.
31
Suppose 6*w - 495 = w. What is the remainder when w is divided by 50?
49
Let y(n) = 4*n**2 - 3*n. Let r be (-24)/(-16)*(2 + 0). Suppose 4*b - 3*b = r*t - 4, -4*b = -t - 6. What is the remainder when y(t) is divided by 7?
3
Suppose -2*w - 118 = -5*t - 10*w, 91 = 4*t + 3*w. What is the remainder when 63 is divided by t?
19
Let h(i) = 2*i**3 - 2*i**2 + 3*i - 2. What is the remainder when h(4) is divided by ((-9)/2)/(2/(-12))?
25
Suppose -4*s + 8 = -0*s. Suppose -5*d = 2*m - 150, 5*m - 2*d - 263 = s*m. What is the remainder when m is divided by 29?
27
What is the remainder when 74 is divided by (-6)/(-4)*(-26)/(-3)?
9
Let t(f) = 12*f**2 - 20*f + 29. What is the remainder when 123 is divided by t(2)?
12
Calculate the remainder when 213 is divided by 1*(-11)/(((-52)/8)/13).
15
Suppose 2*o = -3*o + 105. Suppose -3*r - q + 36 = -2, -49 = -4*r - q. What is the remainder when o is divided by r?
10
Suppose 64 = 5*l - l. Let h(s) = -s**3 - 7*s**2 + 2. Let x be h(-7). Suppose 78 = x*b - 14. What is the remainder when b is divided by l?
14
Suppose 2*t = 2*i - 116, -4*i - 4*t + 241 = -5*t. Suppose -2*d + 52 = -10. Calculate the remainder when i is divided by d.
30
Let n(t) = t**3 + 11*t**2 + 12*t - 4. Let u be n(-9). Suppose u + 4 = 2*c. Calculate the remainder when c is divided by 14.
13
Let z be 9/(-15) - 26/(-10). Suppose 0 = 11*n - z*n - 72. Suppose 3*w - 18 = -3*b, -2*w = -5*b + 4*b - 9. What is the remainder when n is divided by w?
3
Suppose 77*j - 82*j + 1220 = 0. Calculate the remainder when j is divided by 32.
20
Let f(i) = -i**3 - 4*i - 1. Let z be f(-2). What is the remainder when 114/z + (-12)/20 is divided by 2?
1
Suppose 0 = -f - 3*w + 40, -w - w = 5*f - 187. Suppose 0 = 5*o - 2 - 8, k = -2*o + f. What is the remainder when k is divided by (-4)/(-10) - 83/(-5)?
16
Suppose 2*i - 8 = -h, -4*h = 5*i - 7 - 16. Suppose -i*s = -20*s + 2261. What is the remainder when s is divided by 15?
13
Suppose -94*s + 95*s - 46 = 0. Suppose 2*l + 2*g - s = 0, -2*l - 2*l = -2*g - 68. What is the remainder when 52 is divided by l?
14
Suppose 5*m - 2*c - 30 = 3*c, 5*m = -3*c + 14. Let y be 48/(-36)*(-6)/m. What is the remainder when 80 is divided by 2*(-27)/y*-1?
26
Let n(o) = o**2 + 6*o - 209. What is the remainder when 676 is divided by n(12)?
4
Let s(x) = 6*x - 33. Let t = -3 + 11. Calculate the remainder when 89 is divided by s(t).
14
Suppose 0*f = -5*f. Suppose -66 - 19 = -5*w. What is the remainder when w is divided by 1 - -12 - (f - -3)?
7
Suppose 0*c + 4*c - 358 = -s, -186 = -2*c + 3*s. What is the remainder when 266 is divided by c?
86
Suppose 0 = -4*g + z + 47, -4*g = z - 11 - 38. Calculate the remainder when 167 is divided by g.
11
Suppose 5*q = 55 + 20. Calculate the remainder when q is divided by 8.
7
Let u = -24 + -5. Let x = 48 + u. Calculate the remainder when x is divided by 11.
8
Let z = -17 - -19. Suppose 0 = -3*y - 6, -z*f = f + 4*y - 22. Let v = 76 - 38. Calculate the remainder when v is divided by f.
8
Suppose -2 = b, 0 = -5*x - 5*b + 44 + 11. Let d(g) = g**3 - 9*g**2 + 12*g - 1. Let y be d(8). Let s = y + -6. What is the remainder when s is divided by x?
12
Let k be 3 + 120/8 + -3. Let v be (-82)/(-7) + (-6)/(-21). Let h = k - v. What is the remainder when 9 is divided by h?
0
Let h be (-4)/(-3)*(0 - -3). Let i be (-3)/1 + h - -1. Suppose 2*d + i*k + 3*k = 67, -d + 31 = 2*k. Calculate the remainder when 82 is divided by d.
19
Suppose -23*r - 19 = -571. What is the remainder when r is divided by 13?
11
Suppose -b - 5*l = -2*b - 4, -3*b = -3*l + 36. Calculate the remainder when 77 is divided by ((-100)/(-70))/((-1)/b).
17
Suppose 0 = 1789*j - 1784*j - 310. Calculate the remainder when 307 is divided by j.
59
Let z be -4*(-6)/8*1. Suppose 3*o = 2*o + z. Suppose 73 = 3*q + 4*y, 5*y + 13 = -o*q + 90. What is the remainder when 73 is divided by q?
16
Let s = -3 - -8. Suppose -s*u = -20, -3*a = -7*a - u + 356. Calculate the remainder when a is divided by 24.
16
Suppose l + 36 = 3*l. Suppose 3*s - 65 = 5*b, 0 = 3*s - 0*b - b - 49. Suppose s*w = 14*w + 10. Calculate the remainder when l is divided by w.
8
Let k be 5 - (3 - (-1 + 1)). Suppose y - 5*d - 6 = k*y, 2*y - 2*d - 24 = 0. What is the remainder when 43 is divided by y?
7
Let d(w) = -w**2 - 19*w + 7. What is the remainder when d(-14) is divided by 6?
5
Suppose -90 = -18*d + 8*d. What is the remainder when 69 is divided by d?
6
Let i(a) = 154*a**2 + 46*a - 46. Calculate the remainder when i(1) is divided by 7.
0
Suppose 2*v - 5*v + 36 = 2*n, 0 = 3*n - 9. Calculate the remainder when 168 is divided by v.
8
Suppose -3*l + l = 3*u - 10, 2*u + 2*l = 6. Suppose -u*b - 88 = -144. Calculate the remainder when 39 is divided by b.
11
Calculate the remainder when (-4)/44 - (-21708)/297 is divided by 11.
7
Let v = -40 - -84. Suppose -34 = 4*b + 5*m - 182, -2*b + v = -5*m. Calculate the remainder when b is divided by ((-4)/8)/((-2)/44).
10
Let g(k) = k**2 + 11*k + 7. Calculate the remainder when g(8) is divided by 23.
21
Suppose 0*i - s + 2 = 2*i, -5*i + 3*s + 5 = 0. Let b(q) = -3 - i + 4 + q + 3. Calculate the remainder when 46 is divided by b(13).
14
Suppose -2*x + 0*g - 2*g = -456, 0 = 3*x + 4*g - 679. What is the remainder when x is divided by 13?
12
Suppose -1 + 13 = 3*t, 0 = -f + 4*t - 12. What is the remainder when 68 is divided by (2 - 87/9)/(f/(-12))?
22
Let b be (2 + (-2 - -3))/((-6)/(-40)). Calculate the remainder when (1 + -5)*(-10 - 75/b) is divided by 31.
24
Let z = -969 - -1269. Calculate the remainder when z is divided by 144.
12
Let t(n) = 67*n**3 - n**2 + n - 1. Let a be t(1). Let f = a - 33. Calculate the remainder when 63 is divided by f.
30
Suppose 2*b + 20 = 7*b. Let n(w) = w**3 - w**2 + 2*w + 3. What is the remainder when n(b) is divided by -30*1/4*-2?
14
Suppose 2*o = -2*v + 124, 8*v + 260 = 13*v - 5*o. Calculate the remainder when v is divided by 5.
2
Let w(n) = 3*n - 8. Let d = 31 - 27. Calculate the remainder when w(d) is divided by ((-8)/6)/((-10)/15).
0
Suppose 0 = -4*o + 146 + 202. Suppose -6*z + 9*z - o = 0. Let a(j) = j**3 + 4*j**2 - 2*j - 2. What is the remainder when a(3) is divided by z?
26
Calculate the remainder when 348 is divided by 40 + (0 - (6 + -5)).
36
Let j(g) = -110*g + 2. Let l be j(-1). Suppose l + 416 = 11*d. Calculate the remainder when d is divided by 18.
12
Let i = -1687 + 1823. What is the remainder when 394 is divided by i?
122
Suppose 5*x - 38 = -4*f, -f + 0*f + 5*x - 3 = 0. Suppose m - f*z = -2*z + 82, -5*z + 228 = 4*m. What is the remainder when m is divided by 33?
29
Let k(g) = g**3 + 7*g**2 - 16*g + 50. What is the remainder when k(-8) is divided by 23?
22
Suppose -27 = 3*x - 6*x. Calculate the remainder when 14 is divided by (27 - 3)*3/x.
6
Suppose g = 2*l - 23, -9*l + 6*l + 32 = g. Let u = -80 - -123. Calculate the remainder when u is divided by l.
10
Suppose 3*f - 30 = f. Let u = f - 13. Suppose 5*a - 376 = -w - 2*w, 0 = u*a + 2*w - 148. What is the remainder when a is divided by 20?
17
Let g = -206 + 241. What is the remainder when 66 is divided by g?
31
Let i(d) = d + 13. Let k be i(-9). Suppose -5*x + 4*g = -44, 19 = k*x - x + 5*g. Let s(v) = -28*v + 1. What is the remainder when s(-1) is divided by x?
5
Let t(m) = m**3 - 15*m**2 - 25*m + 10. What is the remainder when t(17) is divided by 51?
10
Let s(q) = -q**3 + 17*q**2 - 10*q - 153. What is the remainder when s(14) is divided by 97?
4
Suppose -3*c - 2494 + 529 = -2*q, -q + 5*c + 972 = 0. What is the remainder when q is divided by 52?
51
Let l be 0 + (-1)/((-1)/22). Let r = l - 4. Let u = -1534 - -1537. What is the remainder when r is divided by u?
0
Calculate the remainder when 177 is divided by ((-3)/(-2))/(((-10)/60)/(-1)).
6
Suppose j + 4*q = 166 + 109, 4*j + 3*q = 1048. What is the remainder when j is divided by 90?
79
Let k = 37 + -9. Suppose 3*i = -2*b + k, -4*i + 2*i = -2*b + 38. Calculate the remainder wh